factors of 570973708.
2, 41, 337, 10331
List the prime factors of 7729087.
113, 68399
List the prime factors of 1846366050.
2, 3, 5, 211, 58337
What are the prime factors of 161259623?
7, 1049, 21961
List the prime factors of 263096033.
29, 137, 66221
What are the prime factors of 238841566?
2, 119420783
List the prime factors of 4956321323.
19, 31, 8414807
What are the prime factors of 1286676474?
2, 3, 214446079
List the prime factors of 49414227.
3, 16471409
List the prime factors of 452452120.
2, 5, 59, 191717
What are the prime factors of 1703928159?
3, 23, 8231537
List the prime factors of 1399692344.
2, 174961543
List the prime factors of 292415754.
2, 3, 48735959
List the prime factors of 4625627870.
2, 5, 462562787
What are the prime factors of 105369108?
2, 3, 13, 509, 1327
What are the prime factors of 155894841?
3, 5773883
List the prime factors of 3199080622.
2, 727, 2200193
What are the prime factors of 9505140?
2, 3, 5, 158419
List the prime factors of 364113316.
2, 7, 659, 2819
What are the prime factors of 621663601?
13, 47820277
List the prime factors of 113104197.
3, 103, 122011
List the prime factors of 285094157.
29, 9830833
What are the prime factors of 11474891?
11474891
List the prime factors of 56364634.
2, 31, 909107
What are the prime factors of 19501392?
2, 3, 107, 3797
What are the prime factors of 364985251?
467, 719, 1087
List the prime factors of 2674482190.
2, 5, 541, 494359
List the prime factors of 1478914273.
103, 14358391
List the prime factors of 341032777.
3463, 98479
What are the prime factors of 605747757?
3, 17, 23, 37, 821
What are the prime factors of 569401260?
2, 3, 5, 53, 179057
What are the prime factors of 18027040?
2, 5, 307, 367
List the prime factors of 57308684.
2, 1109, 12919
List the prime factors of 2104563522.
2, 3, 350760587
List the prime factors of 731478520.
2, 5, 18286963
What are the prime factors of 915375770?
2, 5, 91537577
List the prime factors of 127665883.
19, 1361, 4937
List the prime factors of 304921381.
59, 139, 37181
List the prime factors of 10063775.
5, 402551
List the prime factors of 10035999.
3, 1051, 1061
What are the prime factors of 864473083?
864473083
List the prime factors of 875315511.
3, 7, 53, 87383
List the prime factors of 1648793594.
2, 7, 23, 5120477
List the prime factors of 31591070.
2, 5, 7, 451301
List the prime factors of 2890800340.
2, 5, 2081, 69457
List the prime factors of 227082419.
79, 181, 15881
What are the prime factors of 91275534?
2, 3, 7, 239, 433
What are the prime factors of 395065346?
2, 13, 17, 131, 6823
List the prime factors of 218961029.
7, 31, 1009037
List the prime factors of 31112469.
3, 3456941
List the prime factors of 1969385154.
2, 3, 11, 79, 377711
What are the prime factors of 292314724?
2, 13, 5621437
List the prime factors of 36061823.
7, 71, 72559
What are the prime factors of 53850227?
53850227
List the prime factors of 3280767075.
3, 5, 2293, 6359
What are the prime factors of 61696078?
2, 19, 787, 2063
List the prime factors of 1429438708.
2, 357359677
List the prime factors of 720331023.
3, 89, 2697869
List the prime factors of 249517254.
2, 3, 7, 59, 100693
List the prime factors of 31658187.
3, 11, 959339
List the prime factors of 6117924772.
2, 31, 127, 388489
What are the prime factors of 3533502372?
2, 3, 101, 2915431
What are the prime factors of 59663375?
5, 31, 89, 173
What are the prime factors of 118352761?
31, 59, 64709
What are the prime factors of 123997950?
2, 3, 5, 71, 3881
What are the prime factors of 336699190?
2, 5, 19, 1772101
List the prime factors of 1706133355.
5, 14303, 23857
What are the prime factors of 139325767?
7, 239, 11897
What are the prime factors of 246153785?
5, 37, 241, 5521
What are the prime factors of 3585166845?
3, 5, 13, 1414267
What are the prime factors of 4654372?
2, 23, 50591
What are the prime factors of 418510083?
3, 41, 3402521
List the prime factors of 228790401.
3, 7, 43, 253367
List the prime factors of 1654113942.
2, 3, 13, 61, 115883
What are the prime factors of 262612203?
3, 7, 191, 233, 281
List the prime factors of 1976161166.
2, 7, 141154369
List the prime factors of 72672376.
2, 7, 29, 73, 613
What are the prime factors of 185740404?
2, 3, 1163, 13309
What are the prime factors of 18612026?
2, 29, 223, 1439
What are the prime factors of 984989834?
2, 492494917
What are the prime factors of 204988429?
571, 358999
What are the prime factors of 376423782?
2, 3, 7, 19, 79, 853
What are the prime factors of 282423879?
3, 31380431
List the prime factors of 3989342.
2, 7, 79, 3607
List the prime factors of 13207380.
2, 3, 5, 220123
List the prime factors of 7690942017.
3, 11, 71, 379, 2887
List the prime factors of 1724671831.
79, 4519, 4831
List the prime factors of 72283267.
7, 823, 12547
What are the prime factors of 2825746271?
2003, 1410757
List the prime factors of 413258760.
2, 3, 5, 127549
What are the prime factors of 2991258?
2, 3, 137, 1213
What are the prime factors of 375837026?
2, 187918513
What are the prime factors of 5324535822?
2, 3, 83, 2659, 4021
What are the prime factors of 54437566?
2, 641, 42463
List the prime factors of 24901474.
2, 13, 73673
List the prime factors of 4833645.
3, 5, 322243
What are the prime factors of 173796827?
41, 701, 6047
List the prime factors of 690259775.
5, 2927, 9433
List the prime factors of 74700975.
3, 5, 17, 41, 1429
What are the prime factors of 404340638?
2, 13, 15551563
What are the prime factors of 142758233?
142758233
What are the prime factors of 2349285077?
19, 123646583
List the prime factors of 60208967.
7, 13, 19, 97, 359
List the prime factors of 63971648.
2, 13, 23, 3343
What are the prime factors of 143830901?
143830901
List the prime factors of 2466633090.
2, 3, 5, 82221103
What are the prime factors of 9232116?
2, 3, 47, 16369
List the prime factors of 3318255336.
2, 3, 11, 607, 20707
List the prime factors of 41431554.
2, 3, 109, 7039
What are the prime factors of 352060536?
2, 3, 173, 84793
List the prime factors of 97774479.
3, 11, 329207
What are the prime factors of 100858500?
2, 3, 5, 31, 241
What are the prime factors of 135710141?
7, 19, 571, 1787
List the prime factors of 55029425.
5, 11, 17, 79, 149
List the prime factors of 3407424073.
3407424073
List the prime factors of 403767271.
19, 47, 379, 1193
List the prime factors of 293838526.
2, 59, 2490157
List the prime factors of 77032943.
13, 5925611
List the prime factors of 975354276.
2, 3, 13, 421, 14851
List the prime factors of 223300326.
2, 3, 677, 54973
List the prime factors of 1924524882.
2, 3, 7, 17, 37, 3469
List the prime factors of 4578711689.
4578711689
List the prime factors of 528438096.
2, 3, 3669709
List the prime factors of 622598543.
7, 1621, 54869
List the prime factors of 152655491.
152655491
List the prime factors of 493803972.
2, 3, 4572259
What are the prime factors of 673687379?
37, 1327, 13721
What are the prime factors of 454040378?
2, 11, 19, 23, 83, 569
What are the prime factors of 1516722592?
2, 7, 11, 17, 36209
What are the prime factors of 70017635?
5, 23, 89, 6841
What are the prime factors of 103119874?
2, 11, 13, 53, 6803
List the prime factors of 464942658.
2, 3, 401, 193243
What are the prime factors of 1329200954?
2, 664600477
What are the prime factors of 2107008259?
61, 109, 316891
List the prime factors of 1126397463.
3, 19, 71, 278329
List the prime factors of 2479893619.
7, 1327, 266971
What are the prime factors of 2579268837?
3, 859756279
What are the prime factors of 140401805?
5, 28080361
What are the prime factors of 5131603156?
2, 107, 11989727
What are the prime factors of 91909161?
3, 179, 2113
What are the prime factors of 293615410?
2, 5, 11, 2669231
What are the prime factors of 35643835?
5, 7128767
List the prime factors of 189385602.
2, 3, 7, 29, 61, 2549
List the prime factors of 3664753436.
2, 79, 401, 28921
List the prime factors of 2080844265.
3, 5, 1427, 97213
List the prime factors of 178782630.
2, 3, 5, 13, 373, 1229
List the prime factors of 35751647.
35751647
What are the prime factors of 43512134?
2, 21756067
List the prime factors of 77351091.
3, 29, 179, 4967
What are the prime factors of 35300253?
3, 11766751
What are the prime factors of 469370740?
2, 5, 2346